{"id":80,"date":"2017-05-29T15:35:36","date_gmt":"2017-05-29T13:35:36","guid":{"rendered":"https:\/\/praxisrautenberg.wordpress.com\/?page_id=80"},"modified":"2026-04-07T18:00:37","modified_gmt":"2026-04-07T18:00:37","slug":"therapie","status":"publish","type":"page","link":"https:\/\/praxisrautenberg.de\/?page_id=80","title":{"rendered":"Therapie"},"content":{"rendered":"<p align=\"justify\"><span style=\"font-family: verdana,geneva,sans-serif;\">Als Verhaltenstherapeutin erarbeite ich im Rahmen einer eingehenden diagnostischen Phase (in Sprechstunden und probatorische Sitzungen) ein ausf\u00fchrliches Krankheitsmodell mit Ihnen, das auch Ihren biographischen Hintergrund ber\u00fccksichtigt. Die Therapie findet v. a. im Hier und Jetzt statt unter Ber\u00fccksichtigung Ihrer Lerngeschichte.<\/span><\/p>\n<p align=\"justify\"><span style=\"font-family: verdana,geneva,sans-serif;\">Sie erhalten regelm\u00e4\u00dfig Aufgaben, um das in der Therapie Erlernte zwischen den Sitzungen zu erproben und zu vertiefen. Dadurch ist ein intensiver Austausch zwischen Ihnen als Patient*in und mir m\u00f6glich. Insgesamt ist die Therapie von gr\u00f6\u00dftm\u00f6glicher Transparenz gepr\u00e4gt. Meine Aufgabe ist dabei Ihnen Hilfestellung zu geben, damit Sie nach und nach Ihre Probleme zunehmend selbst\u00e4ndig l\u00f6sen k\u00f6nnen (Hilfe zur Selbsthilfe).<\/span><\/p>\n<p align=\"justify\"><span style=\"font-family: verdana,geneva,sans-serif;\">Dabei k\u00f6nnen vielf\u00e4ltige Methoden zur Anwendung kommen.<\/span><\/p>\n<p align=\"justify\"><span style=\"font-family: verdana,geneva,sans-serif;\">Als Psychologische Psychotherapeutin biete ich Ihnen Hilfe bei:<\/span><\/p>\n<ul style=\"list-style-type: disc;\">\n<li style=\"padding-left: 30px;\"><span style=\"font-family: verdana,geneva,sans-serif;\">Angsterkrankungen, u.a. auch unter Verwendung einer VR-Brille<br \/>\n<\/span><\/li>\n<li style=\"padding-left: 30px;\"><span style=\"font-family: verdana, geneva, sans-serif;\">Krankheits\u00e4ngsten<\/span><\/li>\n<li style=\"padding-left: 30px;\"><span style=\"font-family: verdana,geneva,sans-serif;\">Depressionen, auch im Alter, und in pers\u00f6nlichen Krisen<\/span><\/li>\n<li style=\"padding-left: 30px;\"><span style=\"font-family: verdana,geneva,sans-serif;\">Psychosomatischen Beschwerden<\/span><\/li>\n<li style=\"padding-left: 30px;\"><span style=\"font-family: verdana,geneva,sans-serif;\">Chronischen Schmerzen<\/span><\/li>\n<li style=\"padding-left: 30px;\"><span style=\"font-family: verdana, geneva, sans-serif;\">Akuttrauma<\/span><\/li>\n<li style=\"padding-left: 30px;\"><strong><span style=\"font-family: verdana,geneva,sans-serif;\">Traumafolgest\u00f6rungen<\/span><\/strong><\/li>\n<li style=\"padding-left: 30px;\"><span style=\"font-family: verdana,geneva,sans-serif;\">Zwangsst\u00f6rungen<\/span><\/li>\n<li style=\"padding-left: 30px;\"><span style=\"font-family: verdana, geneva, sans-serif;\">Trauer<\/span><\/li>\n<li style=\"padding-left: 30px;\"><span style=\"font-family: verdana,geneva,sans-serif;\">Burnout, sowie weiteren Beschwerden und Diagnosen<\/span><\/li>\n<li style=\"padding-left: 30px;\"><span style=\"font-family: verdana, geneva, sans-serif;\">ADHS-Diagnostik bei <strong>Erwachsenen<\/strong> (nur nach telefonischer Terminabsprache)<\/span><\/li>\n<\/ul>\n<p align=\"justify\"><span style=\"text-decoration: underline; font-family: verdana,geneva,sans-serif;\"><strong>Kosten<\/strong><\/span><\/p>\n<p><span style=\"font-family: verdana, geneva, sans-serif; color: #ff0000;\">Infolge der politischen Entscheidungen (der Honorark\u00fcrzung ab dem 01.04.2026 sowie geplanter Budgetierung der Psychotherapie und weiterer geplanter K\u00fcrzungen ab dem Januar 2027) nehme ich in meiner Praxis erstmal nur noch vereinzelt gesetzlich versicherten Personen auf.<\/span><br \/>\n<strong><span style=\"font-family: verdana, geneva, sans-serif; color: #ff0000;\">Die Behandlung auf eigene Kosten (Selbstzahler) ist weiterhin m\u00f6glich!\u00a0<\/span><\/strong><\/p>\n<p>&nbsp;<\/p>\n<p><span style=\"font-family: verdana,geneva,sans-serif;\">Ich verf\u00fcge \u00fcber eine Kassenzulassung als Psychologische Psychotherapeutin im Bereich der Verhaltenstherapie f\u00fcr Erwachsene, d.h. die Kosten f\u00fcr eine Psychotherapie werden von den gesetzlichen Krankenkassen \u00fcbernommen.<\/span><\/p>\n<p><span style=\"font-family: verdana, geneva, sans-serif;\">Au\u00dferdem beteilige ich mich am Psychotherapeutenverfahren f\u00fcr die Gesetzliche Unfallversicherung (DGVU).<\/span><\/p>\n<p align=\"justify\"><span style=\"font-family: verdana,geneva,sans-serif;\">\u00a0<\/span><\/p>\n<p class=\"western\" align=\"justify\"><span style=\"font-family: Segoe Print;\"><span style=\"font-size: large;\">\u00a0<\/span><\/span><\/p>\n<blockquote>\n<p class=\"western\" align=\"justify\"><span style=\"font-family: Segoe Print;\"><span style=\"font-size: large;\">Sie k\u00f6nnen sich jeden Augenblick entscheiden, Ihrem Leben eine entscheidende Wende zu geben.<\/span><\/span><\/p>\n<\/blockquote>\n","protected":false},"excerpt":{"rendered":"<p>Als Verhaltenstherapeutin erarbeite ich im Rahmen einer eingehenden diagnostischen Phase (in Sprechstunden und probatorische Sitzungen) ein ausf\u00fchrliches Krankheitsmodell mit Ihnen, das auch Ihren biographischen Hintergrund ber\u00fccksichtigt. Die Therapie findet v. a. im Hier und Jetzt statt unter Ber\u00fccksichtigung Ihrer Lerngeschichte. Sie erhalten regelm\u00e4\u00dfig Aufgaben, um das in der Therapie Erlernte zwischen den Sitzungen zu erproben&hellip; <a href=\"https:\/\/praxisrautenberg.de\/?page_id=80\" class=\"more-link\">Weiterlesen <span class=\"screen-reader-text\">Therapie<\/span><\/a><\/p>\n","protected":false},"author":1,"featured_media":24,"parent":0,"menu_order":1,"comment_status":"closed","ping_status":"closed","template":"","meta":{"footnotes":""},"class_list":["post-80","page","type-page","status-publish","has-post-thumbnail","hentry"],"_links":{"self":[{"href":"https:\/\/praxisrautenberg.de\/index.php?rest_route=\/wp\/v2\/pages\/80","targetHints":{"allow":["GET"]}}],"collection":[{"href":"https:\/\/praxisrautenberg.de\/index.php?rest_route=\/wp\/v2\/pages"}],"about":[{"href":"https:\/\/praxisrautenberg.de\/index.php?rest_route=\/wp\/v2\/types\/page"}],"author":[{"embeddable":true,"href":"https:\/\/praxisrautenberg.de\/index.php?rest_route=\/wp\/v2\/users\/1"}],"replies":[{"embeddable":true,"href":"https:\/\/praxisrautenberg.de\/index.php?rest_route=%2Fwp%2Fv2%2Fcomments&post=80"}],"version-history":[{"count":19,"href":"https:\/\/praxisrautenberg.de\/index.php?rest_route=\/wp\/v2\/pages\/80\/revisions"}],"predecessor-version":[{"id":633,"href":"https:\/\/praxisrautenberg.de\/index.php?rest_route=\/wp\/v2\/pages\/80\/revisions\/633"}],"wp:featuredmedia":[{"embeddable":true,"href":"https:\/\/praxisrautenberg.de\/index.php?rest_route=\/wp\/v2\/media\/24"}],"wp:attachment":[{"href":"https:\/\/praxisrautenberg.de\/index.php?rest_route=%2Fwp%2Fv2%2Fmedia&parent=80"}],"curies":[{"name":"wp","href":"https:\/\/api.w.org\/{rel}","templated":true}]}}

<p align="justify"><span style="font-family: verdana,geneva,sans-serif;">Als Verhaltenstherapeutin erarbeite ich im Rahmen einer eingehenden diagnostischen Phase (in Sprechstunden und probatorische Sitzungen) ein ausführliches Krankheitsmodell mit Ihnen, das auch Ihren biographischen Hintergrund berücksichtigt. Die Therapie findet v. a. im Hier und Jetzt statt unter Berücksichtigung Ihrer Lerngeschichte.</span></p>
<p align="justify"><span style="font-family: verdana,geneva,sans-serif;">Sie erhalten regelmäßig Aufgaben, um das in der Therapie Erlernte zwischen den Sitzungen zu erproben und zu vertiefen. Dadurch ist ein intensiver Austausch zwischen Ihnen als Patient*in und mir möglich. Insgesamt ist die Therapie von größtmöglicher Transparenz geprägt. Meine Aufgabe ist dabei Ihnen Hilfestellung zu geben, damit Sie nach und nach Ihre Probleme zunehmend selbständig lösen können (Hilfe zur Selbsthilfe).</span></p>
<p align="justify"><span style="font-family: verdana,geneva,sans-serif;">Dabei können vielfältige Methoden zur Anwendung kommen.</span></p>
<p align="justify"><span style="font-family: verdana,geneva,sans-serif;">Als Psychologische Psychotherapeutin biete ich Ihnen Hilfe bei:</span></p>
<ul style="list-style-type: disc;">
<li style="padding-left: 30px;"><span style="font-family: verdana,geneva,sans-serif;">Angsterkrankungen, u.a. auch unter Verwendung einer VR-Brille<br />
</span></li>
<li style="padding-left: 30px;"><span style="font-family: verdana, geneva, sans-serif;">Krankheitsängsten</span></li>
<li style="padding-left: 30px;"><span style="font-family: verdana,geneva,sans-serif;">Depressionen, auch im Alter, und in persönlichen Krisen</span></li>
<li style="padding-left: 30px;"><span style="font-family: verdana,geneva,sans-serif;">Psychosomatischen Beschwerden</span></li>
<li style="padding-left: 30px;"><span style="font-family: verdana,geneva,sans-serif;">Chronischen Schmerzen</span></li>
<li style="padding-left: 30px;"><span style="font-family: verdana, geneva, sans-serif;">Akuttrauma</span></li>
<li style="padding-left: 30px;"><strong><span style="font-family: verdana,geneva,sans-serif;">Traumafolgestörungen</span></strong></li>
<li style="padding-left: 30px;"><span style="font-family: verdana,geneva,sans-serif;">Zwangsstörungen</span></li>
<li style="padding-left: 30px;"><span style="font-family: verdana, geneva, sans-serif;">Trauer</span></li>
<li style="padding-left: 30px;"><span style="font-family: verdana,geneva,sans-serif;">Burnout, sowie weiteren Beschwerden und Diagnosen</span></li>
<li style="padding-left: 30px;"><span style="font-family: verdana, geneva, sans-serif;">ADHS-Diagnostik bei <strong>Erwachsenen</strong> (nur nach telefonischer Terminabsprache)</span></li>
</ul>
<p align="justify"><span style="text-decoration: underline; font-family: verdana,geneva,sans-serif;"><strong>Kosten</strong></span></p>
<p><span style="font-family: verdana, geneva, sans-serif; color: #ff0000;">Infolge der politischen Entscheidungen (der Honorarkürzung ab dem 01.04.2026 sowie geplanter Budgetierung der Psychotherapie und weiterer geplanter Kürzungen ab dem Januar 2027) nehme ich in meiner Praxis erstmal nur noch vereinzelt gesetzlich versicherten Personen auf.</span><br />
<strong><span style="font-family: verdana, geneva, sans-serif; color: #ff0000;">Die Behandlung auf eigene Kosten (Selbstzahler) ist weiterhin möglich! </span></strong></p>
<p>&nbsp;</p>
<p><span style="font-family: verdana,geneva,sans-serif;">Ich verfüge über eine Kassenzulassung als Psychologische Psychotherapeutin im Bereich der Verhaltenstherapie für Erwachsene, d.h. die Kosten für eine Psychotherapie werden von den gesetzlichen Krankenkassen übernommen.</span></p>
<p><span style="font-family: verdana, geneva, sans-serif;">Außerdem beteilige ich mich am Psychotherapeutenverfahren für die Gesetzliche Unfallversicherung (DGVU).</span></p>
<p align="justify"><span style="font-family: verdana,geneva,sans-serif;"> </span></p>
<p class="western" align="justify"><span style="font-family: Segoe Print;"><span style="font-size: large;"> </span></span></p>
<blockquote>
<p class="western" align="justify"><span style="font-family: Segoe Print;"><span style="font-size: large;">Sie können sich jeden Augenblick entscheiden, Ihrem Leben eine entscheidende Wende zu geben.</span></span></p>
</blockquote>

<p>Als Verhaltenstherapeutin erarbeite ich im Rahmen einer eingehenden diagnostischen Phase (in Sprechstunden und probatorische Sitzungen) ein ausführliches Krankheitsmodell mit Ihnen, das auch Ihren biographischen Hintergrund berücksichtigt. Die Therapie findet v. a. im Hier und Jetzt statt unter Berücksichtigung Ihrer Lerngeschichte. Sie erhalten regelmäßig Aufgaben, um das in der Therapie Erlernte zwischen den Sitzungen zu erproben&hellip; <a href="https://praxisrautenberg.de/?page_id=80" class="more-link">Weiterlesen <span class="screen-reader-text">Therapie</span></a></p>
